86762?
1
What is the ten thousands digit of 1096987?
9
What is the hundred thousands digit of 2260112?
2
What is the tens digit of 2056551?
5
What is the tens digit of 427550?
5
What is the hundred thousands digit of 14006167?
0
What is the hundred thousands digit of 7145779?
1
What is the ten thousands digit of 129226?
2
What is the tens digit of 253864?
6
What is the millions digit of 19389552?
9
What is the hundreds digit of 1171481?
4
What is the thousands digit of 9373387?
3
What is the tens digit of 1083209?
0
What is the hundreds digit of 4378651?
6
What is the millions digit of 10978803?
0
What is the units digit of 1580991?
1
What is the millions digit of 19798069?
9
What is the thousands digit of 1913246?
3
What is the units digit of 8999?
9
What is the units digit of 13738302?
2
What is the hundred thousands digit of 601691?
6
What is the hundred thousands digit of 18782213?
7
What is the hundred thousands digit of 426096?
4
What is the tens digit of 575167?
6
What is the tens digit of 81781?
8
What is the tens digit of 10650458?
5
What is the hundred thousands digit of 369636?
3
What is the ten thousands digit of 917383?
1
What is the hundred thousands digit of 185023?
1
What is the tens digit of 570341?
4
What is the tens digit of 2210?
1
What is the hundred thousands digit of 346985?
3
What is the thousands digit of 432741?
2
What is the hundred thousands digit of 1644251?
6
What is the thousands digit of 20788390?
8
What is the thousands digit of 819454?
9
What is the hundreds digit of 438102?
1
What is the units digit of 3158125?
5
What is the units digit of 1308094?
4
What is the ten thousands digit of 10252568?
5
What is the hundreds digit of 4836341?
3
What is the thousands digit of 936696?
6
What is the hundreds digit of 7177292?
2
What is the ten thousands digit of 17225312?
2
What is the units digit of 87369?
9
What is the ten thousands digit of 4265315?
6
What is the tens digit of 2444262?
6
What is the thousands digit of 21991608?
1
What is the tens digit of 10170706?
0
What is the ten thousands digit of 19878?
1
What is the thousands digit of 832541?
2
What is the tens digit of 452583?
8
What is the ten thousands digit of 659703?
5
What is the hundred thousands digit of 1170009?
1
What is the hundreds digit of 266979?
9
What is the ten thousands digit of 675651?
7
What is the hundreds digit of 254768?
7
What is the hundred thousands digit of 512662?
5
What is the hundreds digit of 597830?
8
What is the thousands digit of 490523?
0
What is the units digit of 804657?
7
What is the hundred thousands digit of 380776?
3
What is the hundreds digit of 62717?
7
What is the hundred thousands digit of 481770?
4
What is the ten thousands digit of 8286308?
8
What is the ten thousands digit of 800416?
0
What is the hundred thousands digit of 30495685?
4
What is the ten thousands digit of 2706103?
0
What is the thousands digit of 3395833?
5
What is the tens digit of 9915820?
2
What is the thousands digit of 103712?
3
What is the tens digit of 11985360?
6
What is the tens digit of 106415?
1
What is the thousands digit of 8011697?
1
What is the ten millions digit of 37970046?
3
What is the ten thousands digit of 191295?
9
What is the thousands digit of 319078?
9
What is the ten thousands digit of 1487517?
8
What is the thousands digit of 26001?
6
What is the millions digit of 3079600?
3
What is the ten thousands digit of 681424?
8
What is the ten thousands digit of 9012692?
1
What is the tens digit of 34289?
8
What is the tens digit of 1014346?
4
What is the ten thousands digit of 204840?
0
What is the ten thousands digit of 119700?
1
What is the units digit of 13685770?
0
What is the hundreds digit of 897977?
9
What is the thousands digit of 13693?
3
What is the tens digit of 18318691?
9
What is the ten thousands digit of 218467?
1
What is the units digit of 4768?
8
What is the ten thousands digit of 2000526?
0
What is the thousands digit of 23754102?
4
What is the hundred thousands digit of 983056?
9
What is the thousands digit of 250439?
0
What is the tens digit of 20444424?
2
What is the units digit of 111046?
6
What is the units digit of 261253?
3
What is the thousands digit of 16549000?
9
What is the hundred thousands digit of 359717?
3
What is the thousands digit of 37559310?
9
What is the ten thousands digit of 12808968?
0
What is the hundreds digit of 10014324?
3
What is the tens digit of 188350?
5
What is the hundred thousands digit of 32336062?
3
What is the ten thousands digit of 625231?
2
What is the hundreds digit of 1665981?
9
What is the units digit of 752256?
6
What is the ten thousands digit of 1000557?
0
What is the hundreds digit of 4918494?
4
What is the ten thousands digit of 3034564?
3
What is the ten thousands digit of 5079970?
7
What is the hundred thousands digit of 642694?
6
What is the ten thousands digit of 1643441?
4
What is the ten thousands digit of 190297?
9
What is the hundred thousands digit of 6734026?
7
What is the hundreds digit of 10408948?
9
What is the hundreds digit of 2414618?
6
What is the thousands digit of 31030804?
0
What is the thousands digit of 611171?
1
What is the hundred thousands digit of 695891?
6
What is the thousands digit of 359702?
9
What is the hundred thousands digit of 5560887?
5
What is the hundred thousands digit of 340470?
3
What is the hundreds digit of 205768?
7
What is the millions digit of 3567487?
3
What is the ten millions digit of 21302146?
2
What is the tens digit of 7950?
5
What is the units digit of 2734143?
3
What is the hundreds digit of 3330063?
0
What is the tens digit of 208405?
0
What is the hundreds digit of 165038?
0
What is the tens digit of 1026002?
0
What is the tens digit of 192696?
9
What is the ten thousands digit of 670738?
7
What is the thousands digit of 2808622?
8
What is the hundred thousands digit of 218030?
2
What is the units digit of 19199?
9
What is the tens digit of 99659?
5
What is the tens digit of 6011910?
1
What is the thousands digit of 8893943?
3
What is the tens digit of 316091?
9
What is the tens digit of 250970?
7
What is the ten thousands digit of 5987053?
8
What is the thousands digit of 14266610?
6
What is the thousands digit of 527807?
7
What is the thousands digit of 1383753?
3
What is the hundreds digit of 741073?
0
What is the units digit of 100528?
8
What is the tens digit of 91427?
2
What is the hundred thousands digit of 611010?
6
What is the hundreds digit of 335357?
3
What is the thousands digit of 270787?
0
What is the units digit of 376200?
0
What is the ten thousands digit of 200693?
0
What is the thousands digit of 2785664?
5
What is the ten thousands digit of 2198582?
9
What is the tens digit of 283112?
1
What is the millions digit of 3438183?
3
What is the hundreds digit of 1773608?
6
What is the ten thousands digit of 340148?
4
What is the tens digit of 71146?
4
What is the units digit of 244452?
2
What is the hundreds digit of 2676279?
2
What is the hundred thousands digit of 889672?
8
What is the ten thousands digit of 9017890?
1
What is the units digit of 1229886?
6
What is the tens digit of 546318?
1
What is the tens digit of 281532?
3
What is the hundred thousands digit of 9580433?
5
What is the units digit of 611531?
1
What is the units digit of 610523?
3
What is the hundreds digit of 148472?
4
What is the hundreds digit of 474366?
3
What is the ten thousands digit of 5744927?
4
What is the ten thousands digit of 8265040?
6
What is the ten thousands digit of 769299?
6
What is the thousands digit of 1979378?
9
What is the thousands digit of 13043084?
3
What is the hundred thousands digit of 432297?
4
What is the ten thousands digit of 391377?
9
What is the tens digit of 1700928?
2
What is the hundred thousands digit of 21036104?
0
What is the tens digit of 9877802?
0
What is the ten thousands digit of 9965722?
6
What is the ten thousands digit of 870357?
7
What is the thousands digit of 5292260?
2
What is the hundreds digit of 1581208?
2
What is the thousands digit of 528755?
8
What is the ten thousands digit of 3192017?
9
What is the hundreds digit of 254220?
2
What is the hundreds digit of 1632698?
6
What is the millions digit of 9824453?
9
What is the units digit of 107279?
9
What is the thousand